{"id":264,"date":"2019-01-16T12:44:06","date_gmt":"2019-01-16T11:44:06","guid":{"rendered":"https:\/\/rucher-des-avant-monts.com\/?page_id=264"},"modified":"2019-01-16T12:44:08","modified_gmt":"2019-01-16T11:44:08","slug":"nos-miels","status":"publish","type":"page","link":"https:\/\/rucher-des-avant-monts.com\/?page_id=264","title":{"rendered":"Nos miels"},"content":{"rendered":"\n<p>\u00c1 ce jour nous pratiquons une apiculture conventionnelle.<\/p>\n\n\n\n<p>Mise \u00e0 part le non sens de la prospection par nos Abeilles de fleurs exclusivement \u00ab\u00a0bio\u00a0\u00bb, nous sommes aujourd&rsquo;hui incapable de trouver de la cire bio fran\u00e7aise en quantit\u00e9 suffisante pour le d\u00e9veloppement de notre cheptel . De plus, nous traitons le varroa (ennemi num\u00e9ro 1 des nos abeilles) suivant les recommandations faite par notre v\u00e9t\u00e9rinaire conseil. Il existe d&rsquo;autres solutions \u00ab\u00a0bio\u00a0\u00bb que nous essaierons prochainement. Bio entre guillemet car il s&rsquo;agit de la m\u00e9thode et non d&rsquo;une quelconque incidence sur la qualit\u00e9 , puret\u00e9, puisqu&rsquo;il n&rsquo;y a aucun r\u00e9sidu de traitement dans le miel que nous vous proposons. Pour \u00eatre plus clair, nous utilisons un produit de contact que les abeilles r\u00e9pandent dans la ruche. Lorsque les languettes sont mise en place il n&rsquo;y a plus de hausse sur le corps de ruche. Nous les enlevons en d\u00e9cembre et posons les premi\u00e8res hausses en Mars. <\/p>\n\n\n\n<p><\/p>\n\n\n\n<p><\/p>\n","protected":false},"excerpt":{"rendered":"<p>\u00c1 ce jour nous pratiquons une apiculture conventionnelle. Mise \u00e0 part le non sens de la prospection par nos Abeilles de fleurs exclusivement \u00ab\u00a0bio\u00a0\u00bb, nous sommes aujourd&rsquo;hui incapable de trouver de la cire bio fran\u00e7aise en quantit\u00e9 suffisante pour le d\u00e9veloppement de notre cheptel . De plus, nous traitons le varroa (ennemi num\u00e9ro 1 des [&hellip;]<\/p>\n","protected":false},"author":1,"featured_media":0,"parent":28,"menu_order":0,"comment_status":"closed","ping_status":"closed","template":"","meta":{"footnotes":""},"class_list":["post-264","page","type-page","status-publish","czr-hentry"],"_links":{"self":[{"href":"https:\/\/rucher-des-avant-monts.com\/index.php?rest_route=\/wp\/v2\/pages\/264","targetHints":{"allow":["GET"]}}],"collection":[{"href":"https:\/\/rucher-des-avant-monts.com\/index.php?rest_route=\/wp\/v2\/pages"}],"about":[{"href":"https:\/\/rucher-des-avant-monts.com\/index.php?rest_route=\/wp\/v2\/types\/page"}],"author":[{"embeddable":true,"href":"https:\/\/rucher-des-avant-monts.com\/index.php?rest_route=\/wp\/v2\/users\/1"}],"replies":[{"embeddable":true,"href":"https:\/\/rucher-des-avant-monts.com\/index.php?rest_route=%2Fwp%2Fv2%2Fcomments&post=264"}],"version-history":[{"count":1,"href":"https:\/\/rucher-des-avant-monts.com\/index.php?rest_route=\/wp\/v2\/pages\/264\/revisions"}],"predecessor-version":[{"id":265,"href":"https:\/\/rucher-des-avant-monts.com\/index.php?rest_route=\/wp\/v2\/pages\/264\/revisions\/265"}],"up":[{"embeddable":true,"href":"https:\/\/rucher-des-avant-monts.com\/index.php?rest_route=\/wp\/v2\/pages\/28"}],"wp:attachment":[{"href":"https:\/\/rucher-des-avant-monts.com\/index.php?rest_route=%2Fwp%2Fv2%2Fmedia&parent=264"}],"curies":[{"name":"wp","href":"https:\/\/api.w.org\/{rel}","templated":true}]}}

<p>Á ce jour nous pratiquons une apiculture conventionnelle.</p>



<p>Mise à part le non sens de la prospection par nos Abeilles de fleurs exclusivement « bio », nous sommes aujourd&rsquo;hui incapable de trouver de la cire bio française en quantité suffisante pour le développement de notre cheptel . De plus, nous traitons le varroa (ennemi numéro 1 des nos abeilles) suivant les recommandations faite par notre vétérinaire conseil. Il existe d&rsquo;autres solutions « bio » que nous essaierons prochainement. Bio entre guillemet car il s&rsquo;agit de la méthode et non d&rsquo;une quelconque incidence sur la qualité , pureté, puisqu&rsquo;il n&rsquo;y a aucun résidu de traitement dans le miel que nous vous proposons. Pour être plus clair, nous utilisons un produit de contact que les abeilles répandent dans la ruche. Lorsque les languettes sont mise en place il n&rsquo;y a plus de hausse sur le corps de ruche. Nous les enlevons en décembre et posons les premières hausses en Mars. </p>



<p></p>



<p></p>

<p>Á ce jour nous pratiquons une apiculture conventionnelle. Mise à part le non sens de la prospection par nos Abeilles de fleurs exclusivement « bio », nous sommes aujourd&rsquo;hui incapable de trouver de la cire bio française en quantité suffisante pour le développement de notre cheptel . De plus, nous traitons le varroa (ennemi numéro 1 des [&hellip;]</p>
