{"id":1271,"date":"2024-02-23T22:06:21","date_gmt":"2024-02-23T21:06:21","guid":{"rendered":"https:\/\/rucher-des-avant-monts.com\/?post_type=product&#038;p=1271"},"modified":"2024-03-09T08:58:46","modified_gmt":"2024-03-09T07:58:46","slug":"protections-solaires","status":"publish","type":"product","link":"https:\/\/rucher-des-avant-monts.com\/?product=protections-solaires","title":{"rendered":"Protections solaires"},"content":{"rendered":"<p>Les canicules annuelles sont de plus en plus longues dans le sud de la France. Certains d&rsquo;entre nous se sont retrouv\u00e9s avec des cadres de hausses fondus en pleine r\u00e9colte.<\/p>\n<p>Nous avons essay\u00e9 de trouver un accessoire pour prot\u00e9ger nos colonies. Cela devait r\u00e9pondre aux diff\u00e9rentes optimisations qu&rsquo;un apiculteur professionnel doit mettre en place pour assurer une production de miel. Autrement dit, am\u00e9liorer le confort de nos abeilles sans chambouler toute l&rsquo;exploitation. Ne pas alourdir les ruches pour les transhumances, ne pas avoir \u00e0 stocker ce mat\u00e9riel une partie de l&rsquo;ann\u00e9e dans les locaux de l&rsquo;apiculteur, permettre \u00e0 la colonie de profiter des rayon de soleil du printemps et se d\u00e9velopper plus rapidement.<\/p>\n<p>En \u00e9t\u00e9, il couvre le toit, on peut y \u00e9crire au Posca, (nettoyable avec tout les produits habituels, ac\u00e9tone, chlore &#8230;) et baisse significativement la temp\u00e9rature transmise \u00e0 la colonie. (comme les toits peints en blanc).<\/p>\n<p>En Hiver, il se plie et se loge dans le toit. Il peut participer \u00e0 l&rsquo;isolation de la ruche (espace d&rsquo;air suppl\u00e9mentaire), \u00eatre emporter \u00e0 la maison et ainsi remplir son cahier d&rsquo;\u00e9levage par ruche des op\u00e9rations r\u00e9alis\u00e9es dans l&rsquo;ann\u00e9e&#8230; chacun y trouvera son utilisation suivant ses habitudes. Mais surtout, le toit redevient un r\u00e9cepteur d&rsquo;infrarouge pour que nos colonies se d\u00e9veloppent plus t\u00f4t et ainsi mieux travailler le romarin ou la bruy\u00e8re blanche.<\/p>\n","protected":false},"excerpt":{"rendered":"<p>Le mat\u00e9riau utilis\u00e9 est du polypropyl\u00e8ne alv\u00e9ol\u00e9 blanc r\u00e9sistant aux UV. Il est durable, entre 5 et 10 ans, et recyclable \u00e0 100 %.<\/p>\n<p>L\u00e9ger et pr\u00e9-pli\u00e9 aux dimensions standard du toit Dadant 10c dans la version de base hauteur 105 mm.<\/p>\n","protected":false},"featured_media":1290,"comment_status":"open","ping_status":"closed","template":"","meta":[],"product_brand":[],"product_cat":[16],"product_tag":[],"class_list":{"0":"post-1271","1":"product","2":"type-product","3":"status-publish","4":"has-post-thumbnail","6":"product_cat-equipement","7":"product_shipping_class-autignac","9":"first","10":"onbackorder","11":"taxable","12":"shipping-taxable","13":"purchasable","14":"product-type-simple","15":"czr-hentry"},"_links":{"self":[{"href":"https:\/\/rucher-des-avant-monts.com\/index.php?rest_route=\/wp\/v2\/product\/1271","targetHints":{"allow":["GET"]}}],"collection":[{"href":"https:\/\/rucher-des-avant-monts.com\/index.php?rest_route=\/wp\/v2\/product"}],"about":[{"href":"https:\/\/rucher-des-avant-monts.com\/index.php?rest_route=\/wp\/v2\/types\/product"}],"replies":[{"embeddable":true,"href":"https:\/\/rucher-des-avant-monts.com\/index.php?rest_route=%2Fwp%2Fv2%2Fcomments&post=1271"}],"wp:featuredmedia":[{"embeddable":true,"href":"https:\/\/rucher-des-avant-monts.com\/index.php?rest_route=\/wp\/v2\/media\/1290"}],"wp:attachment":[{"href":"https:\/\/rucher-des-avant-monts.com\/index.php?rest_route=%2Fwp%2Fv2%2Fmedia&parent=1271"}],"wp:term":[{"taxonomy":"product_brand","embeddable":true,"href":"https:\/\/rucher-des-avant-monts.com\/index.php?rest_route=%2Fwp%2Fv2%2Fproduct_brand&post=1271"},{"taxonomy":"product_cat","embeddable":true,"href":"https:\/\/rucher-des-avant-monts.com\/index.php?rest_route=%2Fwp%2Fv2%2Fproduct_cat&post=1271"},{"taxonomy":"product_tag","embeddable":true,"href":"https:\/\/rucher-des-avant-monts.com\/index.php?rest_route=%2Fwp%2Fv2%2Fproduct_tag&post=1271"}],"curies":[{"name":"wp","href":"https:\/\/api.w.org\/{rel}","templated":true}]}}

<p>Les canicules annuelles sont de plus en plus longues dans le sud de la France. Certains d&rsquo;entre nous se sont retrouvés avec des cadres de hausses fondus en pleine récolte.</p>
<p>Nous avons essayé de trouver un accessoire pour protéger nos colonies. Cela devait répondre aux différentes optimisations qu&rsquo;un apiculteur professionnel doit mettre en place pour assurer une production de miel. Autrement dit, améliorer le confort de nos abeilles sans chambouler toute l&rsquo;exploitation. Ne pas alourdir les ruches pour les transhumances, ne pas avoir à stocker ce matériel une partie de l&rsquo;année dans les locaux de l&rsquo;apiculteur, permettre à la colonie de profiter des rayon de soleil du printemps et se développer plus rapidement.</p>
<p>En été, il couvre le toit, on peut y écrire au Posca, (nettoyable avec tout les produits habituels, acétone, chlore &#8230;) et baisse significativement la température transmise à la colonie. (comme les toits peints en blanc).</p>
<p>En Hiver, il se plie et se loge dans le toit. Il peut participer à l&rsquo;isolation de la ruche (espace d&rsquo;air supplémentaire), être emporter à la maison et ainsi remplir son cahier d&rsquo;élevage par ruche des opérations réalisées dans l&rsquo;année&#8230; chacun y trouvera son utilisation suivant ses habitudes. Mais surtout, le toit redevient un récepteur d&rsquo;infrarouge pour que nos colonies se développent plus tôt et ainsi mieux travailler le romarin ou la bruyère blanche.</p>

<p>Le matériau utilisé est du polypropylène alvéolé blanc résistant aux UV. Il est durable, entre 5 et 10 ans, et recyclable à 100 %.</p>
<p>Léger et pré-plié aux dimensions standard du toit Dadant 10c dans la version de base hauteur 105 mm.</p>
