{"id":268,"date":"2019-01-17T15:17:20","date_gmt":"2019-01-17T14:17:20","guid":{"rendered":"https:\/\/rucher-des-avant-monts.com\/?post_type=product&#038;p=268"},"modified":"2026-02-01T19:09:58","modified_gmt":"2026-02-01T18:09:58","slug":"miel-de-thym-et-garrigue","status":"publish","type":"product","link":"https:\/\/rucher-des-avant-monts.com\/?product=miel-de-thym-et-garrigue","title":{"rendered":"Miel de Thym"},"content":{"rendered":"<p>Ce miel est r\u00e9colt\u00e9 proche du lac du Salagou (H\u00e9rault) dans un paysage domin\u00e9 tr\u00e8s largement par les fleurs de thym.<\/p>\n<p>Miel d\u00e9licieux et r\u00e9put\u00e9 pour ses vertus m\u00e9dicinales, il fait malheureusement parti des miel fran\u00e7ais qui se font rares.<\/p>\n<p>Cristallisation rapide \u00e0 la granulation grossi\u00e8re.<\/p>\n<p>&nbsp;<\/p>\n<p>&nbsp;<\/p>\n","protected":false},"excerpt":{"rendered":"<p>Ce miel est r\u00e9colt\u00e9 proche du lac du Salagou (H\u00e9rault) dans un paysage domin\u00e9 tr\u00e8s largement par les fleurs de thym. Miel d\u00e9licieux et r\u00e9put\u00e9 pour ses vertus m\u00e9dicinales, il fait malheureusement parti des miel fran\u00e7ais qui se font rares. Cristallisation rapide \u00e0 la granulation grossi\u00e8re. &nbsp; &nbsp;<\/p>\n","protected":false},"featured_media":434,"comment_status":"open","ping_status":"closed","template":"","meta":[],"product_brand":[],"product_cat":[12,32],"product_tag":[],"class_list":{"0":"post-268","1":"product","2":"type-product","3":"status-publish","4":"has-post-thumbnail","6":"product_cat-miels","7":"product_cat-miels-corses","9":"first","10":"instock","11":"taxable","12":"shipping-taxable","13":"purchasable","14":"product-type-variable","15":"czr-hentry"},"_links":{"self":[{"href":"https:\/\/rucher-des-avant-monts.com\/index.php?rest_route=\/wp\/v2\/product\/268","targetHints":{"allow":["GET"]}}],"collection":[{"href":"https:\/\/rucher-des-avant-monts.com\/index.php?rest_route=\/wp\/v2\/product"}],"about":[{"href":"https:\/\/rucher-des-avant-monts.com\/index.php?rest_route=\/wp\/v2\/types\/product"}],"replies":[{"embeddable":true,"href":"https:\/\/rucher-des-avant-monts.com\/index.php?rest_route=%2Fwp%2Fv2%2Fcomments&post=268"}],"wp:featuredmedia":[{"embeddable":true,"href":"https:\/\/rucher-des-avant-monts.com\/index.php?rest_route=\/wp\/v2\/media\/434"}],"wp:attachment":[{"href":"https:\/\/rucher-des-avant-monts.com\/index.php?rest_route=%2Fwp%2Fv2%2Fmedia&parent=268"}],"wp:term":[{"taxonomy":"product_brand","embeddable":true,"href":"https:\/\/rucher-des-avant-monts.com\/index.php?rest_route=%2Fwp%2Fv2%2Fproduct_brand&post=268"},{"taxonomy":"product_cat","embeddable":true,"href":"https:\/\/rucher-des-avant-monts.com\/index.php?rest_route=%2Fwp%2Fv2%2Fproduct_cat&post=268"},{"taxonomy":"product_tag","embeddable":true,"href":"https:\/\/rucher-des-avant-monts.com\/index.php?rest_route=%2Fwp%2Fv2%2Fproduct_tag&post=268"}],"curies":[{"name":"wp","href":"https:\/\/api.w.org\/{rel}","templated":true}]}}