{"id":281,"date":"2019-01-19T16:08:44","date_gmt":"2019-01-19T15:08:44","guid":{"rendered":"https:\/\/rucher-des-avant-monts.com\/?post_type=product&#038;p=281"},"modified":"2024-09-28T17:53:15","modified_gmt":"2024-09-28T15:53:15","slug":"pollen-sec","status":"publish","type":"product","link":"https:\/\/rucher-des-avant-monts.com\/?product=pollen-sec","title":{"rendered":"Pollen sec multifloral"},"content":{"rendered":"<p>Un compl\u00e9ment alimentaire majeur : 100 grammes de pollen correspondent \u00e0 500 grammes de b\u0153uf ou sept \u0153ufs.<\/p>\n<p>Ses propri\u00e9t\u00e9s en font un tonique, un stimulant g\u00e9n\u00e9ral et un r\u00e9\u00e9quilibrant fonctionnel naturel.<\/p>\n<p>Faite le plein de vitamines, min\u00e9raux, antioxydants et prot\u00e9ines.<\/p>\n<p>Indiqu\u00e9 pour les \u00e9tats de fatigues, les probl\u00e8mes gastro-ent\u00e9rologie et probl\u00e8mes g\u00e9nito-urinaire.<\/p>\n<p>Une \u00e0 trois cuill\u00e8res \u00e0 soupe par jour en cure de 6 semaines.<\/p>\n","protected":false},"excerpt":{"rendered":"<p>Un compl\u00e9ment alimentaire majeur : 100 grammes de pollen correspondent \u00e0 500 grammes de b\u0153uf ou sept \u0153ufs. Ses propri\u00e9t\u00e9s en font un tonique, un stimulant g\u00e9n\u00e9ral et un r\u00e9\u00e9quilibrant fonctionnel naturel. Faite le plein de vitamines, min\u00e9raux, antioxydants et prot\u00e9ines. Indiqu\u00e9 pour les \u00e9tats de fatigues, les probl\u00e8mes gastro-ent\u00e9rologie et probl\u00e8mes g\u00e9nito-urinaire. Une \u00e0 [&hellip;]<\/p>\n","protected":false},"featured_media":430,"comment_status":"open","ping_status":"closed","template":"","meta":[],"product_brand":[],"product_cat":[44],"product_tag":[],"class_list":{"0":"post-281","1":"product","2":"type-product","3":"status-publish","4":"has-post-thumbnail","6":"product_cat-mieux-etre","8":"first","9":"instock","10":"taxable","11":"shipping-taxable","12":"purchasable","13":"product-type-simple","14":"czr-hentry"},"_links":{"self":[{"href":"https:\/\/rucher-des-avant-monts.com\/index.php?rest_route=\/wp\/v2\/product\/281","targetHints":{"allow":["GET"]}}],"collection":[{"href":"https:\/\/rucher-des-avant-monts.com\/index.php?rest_route=\/wp\/v2\/product"}],"about":[{"href":"https:\/\/rucher-des-avant-monts.com\/index.php?rest_route=\/wp\/v2\/types\/product"}],"replies":[{"embeddable":true,"href":"https:\/\/rucher-des-avant-monts.com\/index.php?rest_route=%2Fwp%2Fv2%2Fcomments&post=281"}],"wp:featuredmedia":[{"embeddable":true,"href":"https:\/\/rucher-des-avant-monts.com\/index.php?rest_route=\/wp\/v2\/media\/430"}],"wp:attachment":[{"href":"https:\/\/rucher-des-avant-monts.com\/index.php?rest_route=%2Fwp%2Fv2%2Fmedia&parent=281"}],"wp:term":[{"taxonomy":"product_brand","embeddable":true,"href":"https:\/\/rucher-des-avant-monts.com\/index.php?rest_route=%2Fwp%2Fv2%2Fproduct_brand&post=281"},{"taxonomy":"product_cat","embeddable":true,"href":"https:\/\/rucher-des-avant-monts.com\/index.php?rest_route=%2Fwp%2Fv2%2Fproduct_cat&post=281"},{"taxonomy":"product_tag","embeddable":true,"href":"https:\/\/rucher-des-avant-monts.com\/index.php?rest_route=%2Fwp%2Fv2%2Fproduct_tag&post=281"}],"curies":[{"name":"wp","href":"https:\/\/api.w.org\/{rel}","templated":true}]}}