{"id":282,"date":"2019-01-19T16:18:22","date_gmt":"2019-01-19T15:18:22","guid":{"rendered":"https:\/\/rucher-des-avant-monts.com\/?post_type=product&#038;p=282"},"modified":"2026-03-21T18:05:40","modified_gmt":"2026-03-21T17:05:40","slug":"grog","status":"publish","type":"product","link":"https:\/\/rucher-des-avant-monts.com\/?product=grog","title":{"rendered":"Grog"},"content":{"rendered":"<p>Le miel est le vecteur id\u00e9al pour l\u2019assimilation des huiles essentielles et de la propolis par l\u2019organisme.<\/p>\n<p>Produit fait avec notre miel de montagne et un savant m\u00e9lange de cannelle, propolis, huiles essentiels de citron.<\/p>\n<p>2 cuill\u00e8res \u00e0 caf\u00e9 dans un mug, de l&rsquo;eau chaude et une goutte de rhum si vous le souhaitez. D\u00e9gustez.<\/p>\n<p>Les vertus du grog sont dues au fait de le boire tr\u00e8s chaud, ce qui procure un effet apaisant et r\u00e9confortant.<\/p>\n<p>Le miel , la propolis et le citron att\u00e9nuent les irritations de la gorge.<\/p>\n","protected":false},"excerpt":{"rendered":"<p>Le miel est le vecteur id\u00e9al pour l\u2019assimilation des huiles essentielles et de la propolis par l\u2019organisme. Produit fait avec notre miel de montagne et un savant m\u00e9lange de cannelle, propolis, huiles essentiels de citron. 2 cuill\u00e8res \u00e0 caf\u00e9 dans un mug, de l&rsquo;eau chaude et une goutte de rhum si vous le souhaitez. D\u00e9gustez. [&hellip;]<\/p>\n","protected":false},"featured_media":423,"comment_status":"open","ping_status":"closed","template":"","meta":[],"product_brand":[],"product_cat":[15,44],"product_tag":[],"class_list":{"0":"post-282","1":"product","2":"type-product","3":"status-publish","4":"has-post-thumbnail","6":"product_cat-preparation","7":"product_cat-mieux-etre","9":"first","10":"instock","11":"taxable","12":"shipping-taxable","13":"purchasable","14":"product-type-variable","15":"czr-hentry"},"_links":{"self":[{"href":"https:\/\/rucher-des-avant-monts.com\/index.php?rest_route=\/wp\/v2\/product\/282","targetHints":{"allow":["GET"]}}],"collection":[{"href":"https:\/\/rucher-des-avant-monts.com\/index.php?rest_route=\/wp\/v2\/product"}],"about":[{"href":"https:\/\/rucher-des-avant-monts.com\/index.php?rest_route=\/wp\/v2\/types\/product"}],"replies":[{"embeddable":true,"href":"https:\/\/rucher-des-avant-monts.com\/index.php?rest_route=%2Fwp%2Fv2%2Fcomments&post=282"}],"wp:featuredmedia":[{"embeddable":true,"href":"https:\/\/rucher-des-avant-monts.com\/index.php?rest_route=\/wp\/v2\/media\/423"}],"wp:attachment":[{"href":"https:\/\/rucher-des-avant-monts.com\/index.php?rest_route=%2Fwp%2Fv2%2Fmedia&parent=282"}],"wp:term":[{"taxonomy":"product_brand","embeddable":true,"href":"https:\/\/rucher-des-avant-monts.com\/index.php?rest_route=%2Fwp%2Fv2%2Fproduct_brand&post=282"},{"taxonomy":"product_cat","embeddable":true,"href":"https:\/\/rucher-des-avant-monts.com\/index.php?rest_route=%2Fwp%2Fv2%2Fproduct_cat&post=282"},{"taxonomy":"product_tag","embeddable":true,"href":"https:\/\/rucher-des-avant-monts.com\/index.php?rest_route=%2Fwp%2Fv2%2Fproduct_tag&post=282"}],"curies":[{"name":"wp","href":"https:\/\/api.w.org\/{rel}","templated":true}]}}